{"id":1144,"date":"2015-10-16T17:47:52","date_gmt":"2015-10-16T17:47:52","guid":{"rendered":"http:\/\/site.astrofoto.com.pt\/welcome\/?post_type=product&#038;p=1144"},"modified":"2018-04-09T17:31:28","modified_gmt":"2018-04-09T17:31:28","slug":"relogio-de-sol-equatorial","status":"publish","type":"product","link":"https:\/\/site.astrofoto.com.pt\/welcome\/produto\/relogio-de-sol-equatorial\/","title":{"rendered":"Rel\u00f3gio de Sol Equatorial"},"content":{"rendered":"<p><a href=\"http:\/\/site.astrofoto.com.pt\/welcome\/wp-content\/uploads\/2015\/10\/r61.jpg\"><img fetchpriority=\"high\" decoding=\"async\" class=\"alignleft size-medium wp-image-1145\" src=\"http:\/\/site.astrofoto.com.pt\/welcome\/wp-content\/uploads\/2015\/10\/r61-252x300.jpg\" alt=\"r6\" width=\"252\" height=\"300\" srcset=\"https:\/\/site.astrofoto.com.pt\/welcome\/wp-content\/uploads\/2015\/10\/r61-252x300.jpg 252w, https:\/\/site.astrofoto.com.pt\/welcome\/wp-content\/uploads\/2015\/10\/r61-150x179.jpg 150w, https:\/\/site.astrofoto.com.pt\/welcome\/wp-content\/uploads\/2015\/10\/r61-300x358.jpg 300w, https:\/\/site.astrofoto.com.pt\/welcome\/wp-content\/uploads\/2015\/10\/r61.jpg 360w\" sizes=\"(max-width: 252px) 100vw, 252px\" \/><\/a><\/p>\n<table border=\"0\">\n<tbody>\n<tr>\n<td rowspan=\"4\" valign=\"top\"><\/td>\n<td colspan=\"2\" rowspan=\"1\"><\/td>\n<\/tr>\n<tr>\n<td colspan=\"2\" rowspan=\"1\"><\/td>\n<\/tr>\n<tr>\n<td align=\"left\" valign=\"top\" width=\"33%\"><\/td>\n<td valign=\"top\"><\/td>\n<\/tr>\n<tr>\n<td colspan=\"2\" rowspan=\"1\">Rel\u00f3gio de Sol Equatorial<br \/>\n#900512Tamanho: 190x70mm<\/p>\n<p>Os rel\u00f3gios equatoriais s\u00e3o os que reproduzem de uma maneira mais clara a posi\u00e7\u00e3o da terra.<\/p>\n<p>Basicamente comp\u00f5e-se por um semi-circulo que representa o equador terrestre e uma barra central que representa o seu eixo.<br \/>\nA sombra da barra marca as horas na parte inferior do c\u00edrculo.<br \/>\nEsta \u00e9 a reprodu\u00e7\u00e3o de um dos rel\u00f3gios de sol equatoriais que se fabricavam em It\u00e1lia do Renascimento no s\u00e9c. XVI.<\/td>\n<\/tr>\n<\/tbody>\n<\/table>\n","protected":false},"excerpt":{"rendered":"<p>Rel\u00f3gio de Sol Equatorial #900512Tamanho: 190x70mm Os rel\u00f3gios equatoriais s\u00e3o os que reproduzem de uma maneira mais clara a posi\u00e7\u00e3o da terra. Basicamente comp\u00f5e-se por um semi-circulo que representa o equador terrestre e uma barra central que representa o seu eixo. A sombra da barra marca as horas na parte inferior do c\u00edrculo. Esta \u00e9<\/p>\n<div class=\"more-link\">\n\t\t\t\t <a href=\"https:\/\/site.astrofoto.com.pt\/welcome\/produto\/relogio-de-sol-equatorial\/\" class=\"btn theme-btn inverted\"><span>Continuar a Ler <\/span><\/a>\n\t\t\t<\/div>\n","protected":false},"featured_media":1145,"comment_status":"open","ping_status":"closed","template":"","meta":[],"product_brand":[],"product_cat":[36],"product_tag":[],"class_list":{"0":"post-1144","1":"product","2":"type-product","3":"status-publish","4":"has-post-thumbnail","6":"product_cat-replicas","8":"first","9":"onbackorder","10":"shipping-taxable","11":"purchasable","12":"product-type-simple"},"_links":{"self":[{"href":"https:\/\/site.astrofoto.com.pt\/welcome\/wp-json\/wp\/v2\/product\/1144","targetHints":{"allow":["GET"]}}],"collection":[{"href":"https:\/\/site.astrofoto.com.pt\/welcome\/wp-json\/wp\/v2\/product"}],"about":[{"href":"https:\/\/site.astrofoto.com.pt\/welcome\/wp-json\/wp\/v2\/types\/product"}],"replies":[{"embeddable":true,"href":"https:\/\/site.astrofoto.com.pt\/welcome\/wp-json\/wp\/v2\/comments?post=1144"}],"wp:featuredmedia":[{"embeddable":true,"href":"https:\/\/site.astrofoto.com.pt\/welcome\/wp-json\/wp\/v2\/media\/1145"}],"wp:attachment":[{"href":"https:\/\/site.astrofoto.com.pt\/welcome\/wp-json\/wp\/v2\/media?parent=1144"}],"wp:term":[{"taxonomy":"product_brand","embeddable":true,"href":"https:\/\/site.astrofoto.com.pt\/welcome\/wp-json\/wp\/v2\/product_brand?post=1144"},{"taxonomy":"product_cat","embeddable":true,"href":"https:\/\/site.astrofoto.com.pt\/welcome\/wp-json\/wp\/v2\/product_cat?post=1144"},{"taxonomy":"product_tag","embeddable":true,"href":"https:\/\/site.astrofoto.com.pt\/welcome\/wp-json\/wp\/v2\/product_tag?post=1144"}],"curies":[{"name":"wp","href":"https:\/\/api.w.org\/{rel}","templated":true}]}}

Relógio de Sol Equatorial

<p><a href="http://site.astrofoto.com.pt/welcome/wp-content/uploads/2015/10/r61.jpg"><img fetchpriority="high" decoding="async" class="alignleft size-medium wp-image-1145" src="http://site.astrofoto.com.pt/welcome/wp-content/uploads/2015/10/r61-252x300.jpg" alt="r6" width="252" height="300" srcset="https://site.astrofoto.com.pt/welcome/wp-content/uploads/2015/10/r61-252x300.jpg 252w, https://site.astrofoto.com.pt/welcome/wp-content/uploads/2015/10/r61-150x179.jpg 150w, https://site.astrofoto.com.pt/welcome/wp-content/uploads/2015/10/r61-300x358.jpg 300w, https://site.astrofoto.com.pt/welcome/wp-content/uploads/2015/10/r61.jpg 360w" sizes="(max-width: 252px) 100vw, 252px" /></a></p>
<table border="0">
<tbody>
<tr>
<td rowspan="4" valign="top"></td>
<td colspan="2" rowspan="1"></td>
</tr>
<tr>
<td colspan="2" rowspan="1"></td>
</tr>
<tr>
<td align="left" valign="top" width="33%"></td>
<td valign="top"></td>
</tr>
<tr>
<td colspan="2" rowspan="1">Relógio de Sol Equatorial<br />
#900512Tamanho: 190x70mm</p>
<p>Os relógios equatoriais são os que reproduzem de uma maneira mais clara a posição da terra.</p>
<p>Basicamente compõe-se por um semi-circulo que representa o equador terrestre e uma barra central que representa o seu eixo.<br />
A sombra da barra marca as horas na parte inferior do círculo.<br />
Esta é a reprodução de um dos relógios de sol equatoriais que se fabricavam em Itália do Renascimento no séc. XVI.</td>
</tr>
</tbody>
</table>

<p>Relógio de Sol Equatorial #900512Tamanho: 190x70mm Os relógios equatoriais são os que reproduzem de uma maneira mais clara a posição da terra. Basicamente compõe-se por um semi-circulo que representa o equador terrestre e uma barra central que representa o seu eixo. A sombra da barra marca as horas na parte inferior do círculo. Esta é</p>
<div class="more-link">
				 <a href="https://site.astrofoto.com.pt/welcome/produto/relogio-de-sol-equatorial/" class="btn theme-btn inverted"><span>Continuar a Ler </span></a>
			</div>
