{"id":1142,"date":"2015-10-16T17:39:27","date_gmt":"2015-10-16T17:39:27","guid":{"rendered":"http:\/\/site.astrofoto.com.pt\/welcome\/?post_type=product&#038;p=1142"},"modified":"2021-11-11T16:26:07","modified_gmt":"2021-11-11T15:26:07","slug":"relogio-de-sol-crucifixo","status":"publish","type":"product","link":"https:\/\/site.astrofoto.com.pt\/welcome\/produto\/relogio-de-sol-crucifixo\/","title":{"rendered":"Rel\u00f3gio de Sol Crucifixo"},"content":{"rendered":"<p><a href=\"http:\/\/site.astrofoto.com.pt\/welcome\/wp-content\/uploads\/2015\/10\/r5.jpg\"><img fetchpriority=\"high\" decoding=\"async\" class=\"alignleft size-full wp-image-1143\" src=\"http:\/\/site.astrofoto.com.pt\/welcome\/wp-content\/uploads\/2015\/10\/r5.jpg\" alt=\"r5\" width=\"277\" height=\"220\" srcset=\"https:\/\/site.astrofoto.com.pt\/welcome\/wp-content\/uploads\/2015\/10\/r5.jpg 277w, https:\/\/site.astrofoto.com.pt\/welcome\/wp-content\/uploads\/2015\/10\/r5-150x119.jpg 150w\" sizes=\"(max-width: 277px) 100vw, 277px\" \/><\/a>Rel\u00f3gio de Sol Crucifixo<br \/>\n#900529<\/p>\n<p>Tamanho: 50x70mm<\/p>\n<p>\u00c9\u00a0uma reprodu\u00e7\u00e3o do original que sem conserva no Museu Whipple de hist\u00f3ria e ci\u00eancia de Cambridge e cuja fabrica\u00e7\u00e3o se atribui a um monge alem\u00e3o do s\u00e9c. XVII (1664).<\/p>\n<p>&nbsp;<\/p>\n","protected":false},"excerpt":{"rendered":"<p>Rel\u00f3gio de Sol Crucifixo #900529 Tamanho: 50x70mm \u00c9\u00a0uma reprodu\u00e7\u00e3o do original que sem conserva no Museu Whipple de hist\u00f3ria e ci\u00eancia de Cambridge e cuja fabrica\u00e7\u00e3o se atribui a um monge alem\u00e3o do s\u00e9c. XVII (1664). &nbsp;<\/p>\n","protected":false},"featured_media":1143,"comment_status":"open","ping_status":"closed","template":"","meta":[],"product_brand":[],"product_cat":[36],"product_tag":[],"class_list":{"0":"post-1142","1":"product","2":"type-product","3":"status-publish","4":"has-post-thumbnail","6":"product_cat-replicas","8":"first","9":"outofstock","10":"shipping-taxable","11":"purchasable","12":"product-type-simple"},"_links":{"self":[{"href":"https:\/\/site.astrofoto.com.pt\/welcome\/wp-json\/wp\/v2\/product\/1142","targetHints":{"allow":["GET"]}}],"collection":[{"href":"https:\/\/site.astrofoto.com.pt\/welcome\/wp-json\/wp\/v2\/product"}],"about":[{"href":"https:\/\/site.astrofoto.com.pt\/welcome\/wp-json\/wp\/v2\/types\/product"}],"replies":[{"embeddable":true,"href":"https:\/\/site.astrofoto.com.pt\/welcome\/wp-json\/wp\/v2\/comments?post=1142"}],"wp:featuredmedia":[{"embeddable":true,"href":"https:\/\/site.astrofoto.com.pt\/welcome\/wp-json\/wp\/v2\/media\/1143"}],"wp:attachment":[{"href":"https:\/\/site.astrofoto.com.pt\/welcome\/wp-json\/wp\/v2\/media?parent=1142"}],"wp:term":[{"taxonomy":"product_brand","embeddable":true,"href":"https:\/\/site.astrofoto.com.pt\/welcome\/wp-json\/wp\/v2\/product_brand?post=1142"},{"taxonomy":"product_cat","embeddable":true,"href":"https:\/\/site.astrofoto.com.pt\/welcome\/wp-json\/wp\/v2\/product_cat?post=1142"},{"taxonomy":"product_tag","embeddable":true,"href":"https:\/\/site.astrofoto.com.pt\/welcome\/wp-json\/wp\/v2\/product_tag?post=1142"}],"curies":[{"name":"wp","href":"https:\/\/api.w.org\/{rel}","templated":true}]}}