{"id":1125,"date":"2015-10-14T17:41:37","date_gmt":"2015-10-14T17:41:37","guid":{"rendered":"http:\/\/site.astrofoto.com.pt\/welcome\/?post_type=product&#038;p=1125"},"modified":"2018-04-09T17:13:58","modified_gmt":"2018-04-09T17:13:58","slug":"esfera-armilar-pequena","status":"publish","type":"product","link":"https:\/\/site.astrofoto.com.pt\/welcome\/produto\/esfera-armilar-pequena\/","title":{"rendered":"Esfera Armilar Pequena"},"content":{"rendered":"<p><a href=\"http:\/\/site.astrofoto.com.pt\/welcome\/wp-content\/uploads\/2015\/10\/esfera01.jpg\"><img fetchpriority=\"high\" decoding=\"async\" class=\"alignleft size-full wp-image-3176\" src=\"http:\/\/site.astrofoto.com.pt\/welcome\/wp-content\/uploads\/2015\/10\/esfera01.jpg\" alt=\"\" width=\"235\" height=\"287\" srcset=\"https:\/\/site.astrofoto.com.pt\/welcome\/wp-content\/uploads\/2015\/10\/esfera01.jpg 235w, https:\/\/site.astrofoto.com.pt\/welcome\/wp-content\/uploads\/2015\/10\/esfera01-150x183.jpg 150w\" sizes=\"(max-width: 235px) 100vw, 235px\" \/><\/a><\/p>\n<h3><strong>Esfera Armilar Pequena<\/strong><br \/>\n<strong>#900403<\/strong><\/h3>\n<p>Tamanho: 350x210mm<\/p>\n<p><span class=\"style12\">\u00c9 um antigo instrumento utilizado at\u00e9 ao ano de 1600, que <\/span><span class=\"style12\">servia para determinar coordenadas celestes atrav\u00e9s dos astros. Cr\u00ea-se que foi inventada em 255 a.C. pelo astr\u00f3nomo grego Erat\u00f3stenes.<\/span><\/p>\n<p>Era constitu\u00edda por um certo n\u00famero de c\u00edrculos (de onde vem o seu nome latino \u201carmilar\u201d, que significa c\u00edrculo) encai xados ent re s i , representando o equador celeste, a elipse, o horizonte, o zod\u00edaco, etc., de tal maneira que, uma vez dirigida a uma estrela, podia-se ler as suas coordenadas celestes atrav\u00e9s das escalas gravadas.<\/p>\n","protected":false},"excerpt":{"rendered":"<p>Esfera Armilar Pequena #900403 Tamanho: 350x210mm \u00c9 um antigo instrumento utilizado at\u00e9 ao ano de 1600, que servia para determinar coordenadas celestes atrav\u00e9s dos astros. Cr\u00ea-se que foi inventada em 255 a.C. pelo astr\u00f3nomo grego Erat\u00f3stenes. Era constitu\u00edda por um certo n\u00famero de c\u00edrculos (de onde vem o seu nome latino \u201carmilar\u201d, que significa c\u00edrculo)<\/p>\n<div class=\"more-link\">\n\t\t\t\t <a href=\"https:\/\/site.astrofoto.com.pt\/welcome\/produto\/esfera-armilar-pequena\/\" class=\"btn theme-btn inverted\"><span>Continuar a Ler <\/span><\/a>\n\t\t\t<\/div>\n","protected":false},"featured_media":3176,"comment_status":"open","ping_status":"closed","template":"","meta":[],"product_brand":[],"product_cat":[36],"product_tag":[],"class_list":{"0":"post-1125","1":"product","2":"type-product","3":"status-publish","4":"has-post-thumbnail","6":"product_cat-replicas","8":"first","9":"onbackorder","10":"shipping-taxable","11":"purchasable","12":"product-type-simple"},"_links":{"self":[{"href":"https:\/\/site.astrofoto.com.pt\/welcome\/wp-json\/wp\/v2\/product\/1125","targetHints":{"allow":["GET"]}}],"collection":[{"href":"https:\/\/site.astrofoto.com.pt\/welcome\/wp-json\/wp\/v2\/product"}],"about":[{"href":"https:\/\/site.astrofoto.com.pt\/welcome\/wp-json\/wp\/v2\/types\/product"}],"replies":[{"embeddable":true,"href":"https:\/\/site.astrofoto.com.pt\/welcome\/wp-json\/wp\/v2\/comments?post=1125"}],"wp:featuredmedia":[{"embeddable":true,"href":"https:\/\/site.astrofoto.com.pt\/welcome\/wp-json\/wp\/v2\/media\/3176"}],"wp:attachment":[{"href":"https:\/\/site.astrofoto.com.pt\/welcome\/wp-json\/wp\/v2\/media?parent=1125"}],"wp:term":[{"taxonomy":"product_brand","embeddable":true,"href":"https:\/\/site.astrofoto.com.pt\/welcome\/wp-json\/wp\/v2\/product_brand?post=1125"},{"taxonomy":"product_cat","embeddable":true,"href":"https:\/\/site.astrofoto.com.pt\/welcome\/wp-json\/wp\/v2\/product_cat?post=1125"},{"taxonomy":"product_tag","embeddable":true,"href":"https:\/\/site.astrofoto.com.pt\/welcome\/wp-json\/wp\/v2\/product_tag?post=1125"}],"curies":[{"name":"wp","href":"https:\/\/api.w.org\/{rel}","templated":true}]}}

<p><a href="http://site.astrofoto.com.pt/welcome/wp-content/uploads/2015/10/esfera01.jpg"><img fetchpriority="high" decoding="async" class="alignleft size-full wp-image-3176" src="http://site.astrofoto.com.pt/welcome/wp-content/uploads/2015/10/esfera01.jpg" alt="" width="235" height="287" srcset="https://site.astrofoto.com.pt/welcome/wp-content/uploads/2015/10/esfera01.jpg 235w, https://site.astrofoto.com.pt/welcome/wp-content/uploads/2015/10/esfera01-150x183.jpg 150w" sizes="(max-width: 235px) 100vw, 235px" /></a></p>
<h3><strong>Esfera Armilar Pequena</strong><br />
<strong>#900403</strong></h3>
<p>Tamanho: 350x210mm</p>
<p><span class="style12">É um antigo instrumento utilizado até ao ano de 1600, que </span><span class="style12">servia para determinar coordenadas celestes através dos astros. Crê-se que foi inventada em 255 a.C. pelo astrónomo grego Eratóstenes.</span></p>
<p>Era constituída por um certo número de círculos (de onde vem o seu nome latino “armilar”, que significa círculo) encai xados ent re s i , representando o equador celeste, a elipse, o horizonte, o zodíaco, etc., de tal maneira que, uma vez dirigida a uma estrela, podia-se ler as suas coordenadas celestes através das escalas gravadas.</p>

<p>Esfera Armilar Pequena #900403 Tamanho: 350x210mm É um antigo instrumento utilizado até ao ano de 1600, que servia para determinar coordenadas celestes através dos astros. Crê-se que foi inventada em 255 a.C. pelo astrónomo grego Eratóstenes. Era constituída por um certo número de círculos (de onde vem o seu nome latino “armilar”, que significa círculo)</p>
<div class="more-link">
				 <a href="https://site.astrofoto.com.pt/welcome/produto/esfera-armilar-pequena/" class="btn theme-btn inverted"><span>Continuar a Ler </span></a>
			</div>
