{"id":1106,"date":"2015-10-13T17:57:21","date_gmt":"2015-10-13T17:57:21","guid":{"rendered":"http:\/\/site.astrofoto.com.pt\/welcome\/?post_type=product&#038;p=1106"},"modified":"2022-03-15T12:22:33","modified_gmt":"2022-03-15T12:22:33","slug":"um-mundo-deste-tamanho","status":"publish","type":"product","link":"https:\/\/site.astrofoto.com.pt\/welcome\/produto\/um-mundo-deste-tamanho\/","title":{"rendered":"Um Mundo deste tamanho"},"content":{"rendered":"<p><a href=\"http:\/\/site.astrofoto.com.pt\/welcome\/wp-content\/uploads\/2015\/10\/l411.jpg\"><img decoding=\"async\" class=\"alignleft size-full wp-image-1107\" src=\"http:\/\/site.astrofoto.com.pt\/welcome\/wp-content\/uploads\/2015\/10\/l411.jpg\" alt=\"l41\" width=\"130\" height=\"187\" \/><\/a><\/p>\n<p><strong>Um Mundo deste tamanho<\/strong><\/p>\n<p>Autor: Pedro Cotrim<br \/>\n<strong>P\u00e1ginas:<\/strong> 208<br \/>\n<strong>\u00a0ISBN:<\/strong> 978-989-615-094-5<br \/>\n<strong>\u00a01\u00aa Edi\u00e7\u00e3o:<\/strong> Jun\/2010<\/p>\n<p align=\"justify\">Neste livro, as grandes quest\u00f5es colocadas pela contempla\u00e7\u00e3o do firmamento e pelos fen\u00f3menos que atemorizaram ou encantaram os nossos antepassados s\u00e3o acompanhadas pelo enquadramento hist\u00f3rico das \u00e9pocas em que estas interroga\u00e7\u00f5es foram colocadas. A compreens\u00e3o da ab\u00f3bada que, desde sempre, se sobrep\u00f4s a todos os que viveram no nosso planeta exigiu muita persist\u00eancia, dedica\u00e7\u00e3o e uma inquebrant\u00e1vel vontade de saber sempre mais, muito mais.<\/p>\n<table id=\"table52\" border=\"0\" width=\"100%\">\n<tbody>\n<tr>\n<td><span style=\"color: #249ad0;\">\u00a0\u00bb<\/span><strong> <a href=\"http:\/\/www.centroatl.pt\/titulos\/ciencia\/mundodestetamanho.php3#intro\">Introdu\u00e7\u00e3o<\/a><\/strong><\/td>\n<\/tr>\n<tr>\n<td><span style=\"color: #249ad0;\">\u00a0\u00bb<strong> <a href=\"http:\/\/www.centroatl.pt\/titulos\/ciencia\/mundodestetamanho.php3#ind\">\u00cdndice<\/a><\/strong><\/span><\/td>\n<\/tr>\n<tr>\n<td height=\"18\"><span style=\"color: #249ad0;\">\u00a0\u00bb<strong> <a href=\"http:\/\/www.centroatl.pt\/titulos\/ciencia\/mundodestetamanho.php3#autor\">Autor<\/a><\/strong><\/span><\/td>\n<\/tr>\n<tr>\n<td><span style=\"color: #249ad0;\">\u00a0\u00bb<strong> <a href=\"http:\/\/www.centroatl.pt\/titulos\/ciencia\/mundodestetamanho.php3#com\">Coment\u00e1rios<\/a><\/strong><\/span><\/td>\n<\/tr>\n<\/tbody>\n<\/table>\n","protected":false},"excerpt":{"rendered":"<p>Um Mundo deste tamanho Autor: Pedro Cotrim P\u00e1ginas: 208 \u00a0ISBN: 978-989-615-094-5 \u00a01\u00aa Edi\u00e7\u00e3o: Jun\/2010 Neste livro, as grandes quest\u00f5es colocadas pela contempla\u00e7\u00e3o do firmamento e pelos fen\u00f3menos que atemorizaram ou encantaram os nossos antepassados s\u00e3o acompanhadas pelo enquadramento hist\u00f3rico das \u00e9pocas em que estas interroga\u00e7\u00f5es foram colocadas. A compreens\u00e3o da ab\u00f3bada que, desde sempre, se<\/p>\n<div class=\"more-link\">\n\t\t\t\t <a href=\"https:\/\/site.astrofoto.com.pt\/welcome\/produto\/um-mundo-deste-tamanho\/\" class=\"btn theme-btn inverted\"><span>Continuar a Ler <\/span><\/a>\n\t\t\t<\/div>\n","protected":false},"featured_media":1107,"comment_status":"open","ping_status":"closed","template":"","meta":[],"product_brand":[],"product_cat":[35,48],"product_tag":[],"class_list":{"0":"post-1106","1":"product","2":"type-product","3":"status-publish","4":"has-post-thumbnail","6":"product_cat-livro-e-dvd","7":"product_cat-natal","8":"product_shipping_class-taxa-minima","10":"first","11":"instock","12":"shipping-taxable","13":"purchasable","14":"product-type-simple"},"_links":{"self":[{"href":"https:\/\/site.astrofoto.com.pt\/welcome\/wp-json\/wp\/v2\/product\/1106","targetHints":{"allow":["GET"]}}],"collection":[{"href":"https:\/\/site.astrofoto.com.pt\/welcome\/wp-json\/wp\/v2\/product"}],"about":[{"href":"https:\/\/site.astrofoto.com.pt\/welcome\/wp-json\/wp\/v2\/types\/product"}],"replies":[{"embeddable":true,"href":"https:\/\/site.astrofoto.com.pt\/welcome\/wp-json\/wp\/v2\/comments?post=1106"}],"wp:featuredmedia":[{"embeddable":true,"href":"https:\/\/site.astrofoto.com.pt\/welcome\/wp-json\/wp\/v2\/media\/1107"}],"wp:attachment":[{"href":"https:\/\/site.astrofoto.com.pt\/welcome\/wp-json\/wp\/v2\/media?parent=1106"}],"wp:term":[{"taxonomy":"product_brand","embeddable":true,"href":"https:\/\/site.astrofoto.com.pt\/welcome\/wp-json\/wp\/v2\/product_brand?post=1106"},{"taxonomy":"product_cat","embeddable":true,"href":"https:\/\/site.astrofoto.com.pt\/welcome\/wp-json\/wp\/v2\/product_cat?post=1106"},{"taxonomy":"product_tag","embeddable":true,"href":"https:\/\/site.astrofoto.com.pt\/welcome\/wp-json\/wp\/v2\/product_tag?post=1106"}],"curies":[{"name":"wp","href":"https:\/\/api.w.org\/{rel}","templated":true}]}}