{"id":1071,"date":"2015-10-13T16:13:26","date_gmt":"2015-10-13T16:13:26","guid":{"rendered":"http:\/\/site.astrofoto.com.pt\/welcome\/?post_type=product&#038;p=1071"},"modified":"2025-08-07T18:54:48","modified_gmt":"2025-08-07T18:54:48","slug":"chamo-me-galileu-galilei","status":"publish","type":"product","link":"https:\/\/site.astrofoto.com.pt\/welcome\/produto\/chamo-me-galileu-galilei\/","title":{"rendered":"Chamo-me Galileu Galilei"},"content":{"rendered":"<p>&nbsp;<\/p>\n<p>&nbsp;<\/p>\n<p>Neste novo livro, escrito na primeira pessoa (como se fosse o pr\u00f3prio Galileu ao nosso lado a contar a sua vida), e destinado aos jovens dos 9 aos 99 anos, o famoso matem\u00e1tico, astr\u00f3nomo e f\u00edsico Galileu Galilei (1564-1642) conta o que foi a sua vida e a sua obra. Descreve os seus contributos para o avan\u00e7o da ci\u00eancia em geral e da Astronomia em particular.<\/p>\n<p>Apesar de escrito para os jovens, descreve com algum pormenor a vida, a obra, os epis\u00f3dios, as alegrias e tristezas de um grande homem. Mostra muito do que fez, como fez e como viveu Galileu Galilei.<\/p>\n<p>&nbsp;<\/p>\n<p>\u008f Autor: Guilherme de Almeida<\/p>\n<p>\u2022 Formato 14,5 x 21,5 cm \u00a0| \u00a064 p\u00e1ginas<br \/>\n\u2022 ISBN 978-972-650-820-5.<br \/>\n\u2022\u00a0Totalmente a cores.Ilustra\u00e7\u00f5es de Jorge Miguel<br \/>\n\u2022 Editora: Did\u00e1ctica Editora, Lisboa.<\/p>\n<ul>\n<li>Pre\u00e7o de capa: 10,50 Euros<br \/>\n\u2022<strong> Pre\u00e7o promocional: 9 Euros<\/strong><\/li>\n<\/ul>\n<p>&nbsp;<\/p>\n<p><em><a href=\"http:\/\/astrofoto.com.pt\/GAgalileu.pdf\">* mais info<\/a><\/em><\/p>\n<p>&nbsp;<\/p>\n<p>*<a href=\"http:\/\/www.platanoeditora.pt\/index.php?q=C\/BOOKSSHOW\/2117\"><em>info editora<\/em><\/a><\/p>\n","protected":false},"excerpt":{"rendered":"<p>&nbsp; &nbsp; Neste novo livro, escrito na primeira pessoa (como se fosse o pr\u00f3prio Galileu ao nosso lado a contar a sua vida), e destinado aos jovens dos 9 aos 99 anos, o famoso matem\u00e1tico, astr\u00f3nomo e f\u00edsico Galileu Galilei (1564-1642) conta o que foi a sua vida e a sua obra. Descreve os seus<\/p>\n<div class=\"more-link\">\n\t\t\t\t <a href=\"https:\/\/site.astrofoto.com.pt\/welcome\/produto\/chamo-me-galileu-galilei\/\" class=\"btn theme-btn inverted\"><span>Continuar a Ler <\/span><\/a>\n\t\t\t<\/div>\n","protected":false},"featured_media":3028,"comment_status":"open","ping_status":"closed","template":"","meta":[],"product_brand":[],"product_cat":[35,48],"product_tag":[],"class_list":{"0":"post-1071","1":"product","2":"type-product","3":"status-publish","4":"has-post-thumbnail","6":"product_cat-livro-e-dvd","7":"product_cat-natal","8":"product_shipping_class-taxa-minima","10":"first","11":"instock","12":"shipping-taxable","13":"purchasable","14":"product-type-simple"},"_links":{"self":[{"href":"https:\/\/site.astrofoto.com.pt\/welcome\/wp-json\/wp\/v2\/product\/1071","targetHints":{"allow":["GET"]}}],"collection":[{"href":"https:\/\/site.astrofoto.com.pt\/welcome\/wp-json\/wp\/v2\/product"}],"about":[{"href":"https:\/\/site.astrofoto.com.pt\/welcome\/wp-json\/wp\/v2\/types\/product"}],"replies":[{"embeddable":true,"href":"https:\/\/site.astrofoto.com.pt\/welcome\/wp-json\/wp\/v2\/comments?post=1071"}],"wp:featuredmedia":[{"embeddable":true,"href":"https:\/\/site.astrofoto.com.pt\/welcome\/wp-json\/wp\/v2\/media\/3028"}],"wp:attachment":[{"href":"https:\/\/site.astrofoto.com.pt\/welcome\/wp-json\/wp\/v2\/media?parent=1071"}],"wp:term":[{"taxonomy":"product_brand","embeddable":true,"href":"https:\/\/site.astrofoto.com.pt\/welcome\/wp-json\/wp\/v2\/product_brand?post=1071"},{"taxonomy":"product_cat","embeddable":true,"href":"https:\/\/site.astrofoto.com.pt\/welcome\/wp-json\/wp\/v2\/product_cat?post=1071"},{"taxonomy":"product_tag","embeddable":true,"href":"https:\/\/site.astrofoto.com.pt\/welcome\/wp-json\/wp\/v2\/product_tag?post=1071"}],"curies":[{"name":"wp","href":"https:\/\/api.w.org\/{rel}","templated":true}]}}

<p>&nbsp;</p>
<p>&nbsp;</p>
<p>Neste novo livro, escrito na primeira pessoa (como se fosse o próprio Galileu ao nosso lado a contar a sua vida), e destinado aos jovens dos 9 aos 99 anos, o famoso matemático, astrónomo e físico Galileu Galilei (1564-1642) conta o que foi a sua vida e a sua obra. Descreve os seus contributos para o avanço da ciência em geral e da Astronomia em particular.</p>
<p>Apesar de escrito para os jovens, descreve com algum pormenor a vida, a obra, os episódios, as alegrias e tristezas de um grande homem. Mostra muito do que fez, como fez e como viveu Galileu Galilei.</p>
<p>&nbsp;</p>
<p> Autor: Guilherme de Almeida</p>
<p>• Formato 14,5 x 21,5 cm  |  64 páginas<br />
• ISBN 978-972-650-820-5.<br />
• Totalmente a cores.Ilustrações de Jorge Miguel<br />
• Editora: Didáctica Editora, Lisboa.</p>
<ul>
<li>Preço de capa: 10,50 Euros<br />
•<strong> Preço promocional: 9 Euros</strong></li>
</ul>
<p>&nbsp;</p>
<p><em><a href="http://astrofoto.com.pt/GAgalileu.pdf">* mais info</a></em></p>
<p>&nbsp;</p>
<p>*<a href="http://www.platanoeditora.pt/index.php?q=C/BOOKSSHOW/2117"><em>info editora</em></a></p>

<p>&nbsp; &nbsp; Neste novo livro, escrito na primeira pessoa (como se fosse o próprio Galileu ao nosso lado a contar a sua vida), e destinado aos jovens dos 9 aos 99 anos, o famoso matemático, astrónomo e físico Galileu Galilei (1564-1642) conta o que foi a sua vida e a sua obra. Descreve os seus</p>
<div class="more-link">
				 <a href="https://site.astrofoto.com.pt/welcome/produto/chamo-me-galileu-galilei/" class="btn theme-btn inverted"><span>Continuar a Ler </span></a>
			</div>
