{"id":10554,"date":"2025-12-18T23:15:58","date_gmt":"2025-12-18T23:15:58","guid":{"rendered":"https:\/\/site.astrofoto.com.pt\/welcome\/?post_type=product&#038;p=10554"},"modified":"2025-12-18T23:18:53","modified_gmt":"2025-12-18T23:18:53","slug":"filtro-solar-thousand-oaks-vidro-33cm","status":"publish","type":"product","link":"https:\/\/site.astrofoto.com.pt\/welcome\/produto\/filtro-solar-thousand-oaks-vidro-33cm\/","title":{"rendered":"Filtro Solar Thousand Oaks Vidro 33cm 13&#8243; usado"},"content":{"rendered":"<p><strong>Filtro Solar Thousand Oaks Tipo 2 Vidro 33cm usado<\/strong><\/p>\n<p>\u25baComo novo<\/p>\n<p>\u2022 Bloqueia 99.999% da luz<br \/>\n\u2022 Bloqueia os raios Infra-vemelhos e Ultravioletas<br \/>\n\u2022 Area util do filtro: 330mm<br \/>\n\u2022 Aro em aluminio<br \/>\n\u2022 Di\u00e2metro interno: 330mm<br \/>\n\u25ba \u00e9 seguro para observa\u00e7\u00e3o solar (manchas solares)<\/p>\n","protected":false},"excerpt":{"rendered":"<p>Filtro Solar Thousand Oaks Tipo 2 Vidro 33cm usado \u25baComo novo \u2022 Bloqueia 99.999% da luz \u2022 Bloqueia os raios Infra-vemelhos e Ultravioletas \u2022 Area util do filtro: 330mm \u2022 Aro em aluminio \u2022 Di\u00e2metro interno: 330mm \u25ba \u00e9 seguro para observa\u00e7\u00e3o solar (manchas solares)<\/p>\n","protected":false},"featured_media":10555,"comment_status":"closed","ping_status":"closed","template":"","meta":[],"product_brand":[],"product_cat":[20,46],"product_tag":[],"class_list":{"0":"post-10554","1":"product","2":"type-product","3":"status-publish","4":"has-post-thumbnail","6":"product_cat-filtros-solares","7":"product_cat-usados","9":"first","10":"instock","11":"sale","12":"shipping-taxable","13":"purchasable","14":"product-type-simple"},"_links":{"self":[{"href":"https:\/\/site.astrofoto.com.pt\/welcome\/wp-json\/wp\/v2\/product\/10554","targetHints":{"allow":["GET"]}}],"collection":[{"href":"https:\/\/site.astrofoto.com.pt\/welcome\/wp-json\/wp\/v2\/product"}],"about":[{"href":"https:\/\/site.astrofoto.com.pt\/welcome\/wp-json\/wp\/v2\/types\/product"}],"replies":[{"embeddable":true,"href":"https:\/\/site.astrofoto.com.pt\/welcome\/wp-json\/wp\/v2\/comments?post=10554"}],"wp:featuredmedia":[{"embeddable":true,"href":"https:\/\/site.astrofoto.com.pt\/welcome\/wp-json\/wp\/v2\/media\/10555"}],"wp:attachment":[{"href":"https:\/\/site.astrofoto.com.pt\/welcome\/wp-json\/wp\/v2\/media?parent=10554"}],"wp:term":[{"taxonomy":"product_brand","embeddable":true,"href":"https:\/\/site.astrofoto.com.pt\/welcome\/wp-json\/wp\/v2\/product_brand?post=10554"},{"taxonomy":"product_cat","embeddable":true,"href":"https:\/\/site.astrofoto.com.pt\/welcome\/wp-json\/wp\/v2\/product_cat?post=10554"},{"taxonomy":"product_tag","embeddable":true,"href":"https:\/\/site.astrofoto.com.pt\/welcome\/wp-json\/wp\/v2\/product_tag?post=10554"}],"curies":[{"name":"wp","href":"https:\/\/api.w.org\/{rel}","templated":true}]}}