{"id":10256,"date":"2025-04-10T16:58:39","date_gmt":"2025-04-10T16:58:39","guid":{"rendered":"https:\/\/site.astrofoto.com.pt\/welcome\/?post_type=product&#038;p=10256"},"modified":"2025-12-01T18:27:25","modified_gmt":"2025-12-01T18:27:25","slug":"skywatcher-mini-star-adventurer-fotografia-usado","status":"publish","type":"product","link":"https:\/\/site.astrofoto.com.pt\/welcome\/produto\/skywatcher-mini-star-adventurer-fotografia-usado\/","title":{"rendered":"Skywatcher Mini Star Adventurer Fotografia usado"},"content":{"rendered":"<p><strong>Skywatcher Mini Star Adventurer WiFi usado<\/strong><\/p>\n<p><em>\u25baAs negocia\u00e7\u00f5es ser\u00e3o diretas entre vendedor e comprador<\/em><br \/>\n<em>Apenas garantimos o estado do equipamento e, neste caso, a idoneidade do vendedor.<\/em><br \/>\n<em>\u25baN\u00e3o\u00a0 efetue pagamentos antes da conclus\u00e3o das negocia\u00e7\u00f5es<\/em><\/p>\n<p><em>\u25ba<a href=\"https:\/\/www.youtube.com\/watch?v=L258ysL03wI\">Video no Youtube<\/a><br \/>\n\u25ba<a href=\"http:\/\/philhart.com\/content\/star-adventurer-mini-review\">revis\u00e3o da star adventurer mini\u00a0<\/a> (Phil Hart-revisor independente)<\/em><\/p>\n<p><em>A gama Star Adventurer expandiu-se para incluir o novo modelo Mini. Mais compacto e leve, destina-se a astro-fot\u00f3grafos com Teleobjectivas ou lunetas de 60mm. Tem as mesmas qualidades mec\u00e2nicas da cl\u00e1ssica mas com uma importante novidade: WiFi integrado! Atraves de uma aplica\u00e7\u00e3o gratuita pode ser controlada atraves do seu smartphone ou tablet: CONTROLE SAM (<a href=\"https:\/\/play.google.com\/store\/apps\/details?id=com.skywatcher.samini\">Android<\/a> ou <a href=\"https:\/\/itunes.apple.com\/us\/app\/star-adventurer-mini-console\/id1080398995?mt=8\">IOS)<\/a><br \/>\nO Star Adventurer Mni cria o seu pr\u00f3prio &#8220;access point&#8221; permitindo at\u00e9 controlar os tempos de exposi\u00e7\u00e3o, time-lapse, numero de poses, por um cabo opcional<\/em><\/p>\n<p>\u2022Montagem Sky-Watcher Star Adventurer Mini<br \/>\n\u2022Visor Polar\u00a0 Integrado (com ilumina\u00e7\u00e3o)<br \/>\n\u2022Base equatorial para Star Adventurer<br \/>\n\u2022Placa de montagem standard em L<br \/>\n\u2022Placa com adapta\u00e7\u00e3o 3\/8\u201d<br \/>\n<strong>\u2022Liga\u00e7\u00e3o Wifi Integrad<\/strong>a<br \/>\n\u2022Porta USB<br \/>\n\u2022Alimenta\u00e7\u00e3o: caixa de pilhas 2xAA (n\u00e3o incluidas) ou externa DC 5V (Micro-USB)<\/p>\n<p>\u25ba <strong>extras inclu\u00eddos:<\/strong> veio e contrapeso (ver foto)<\/p>\n<p><em><strong>Cabos disparadores: 10 Euros\/cada<\/strong><\/em><br \/>\nSW0336 Shutter release cable for Star Adventurer (Canon C1)<br \/>\nSW0337 Shutter release cable for Star Adventurer (Canon C3 AP-R3C)<br \/>\nSW0338 Shutter release cable for Star Adventurer (Nikon N1 AP-R1N)<br \/>\nSW0339 Shutter release cable for Star Adventurer (Nikon N2 AP-R2N)<br \/>\nSW0340 Shutter release cable for Star Adventurer (Nikon N3 AP-R3N)<br \/>\nSW0341 Shutter release cable for Star Adventurer (Olympus OP12)<br \/>\nSW0342 Shutter release cable for Star Adventurer (Sony S1 AP-R1S)<\/p>\n<p>&nbsp;<\/p>\n<p>&nbsp;<\/p>\n<p>#MGardete<\/p>\n","protected":false},"excerpt":{"rendered":"<p>Skywatcher Mini Star Adventurer WiFi usado \u25baAs negocia\u00e7\u00f5es ser\u00e3o diretas entre vendedor e comprador Apenas garantimos o estado do equipamento e, neste caso, a idoneidade do vendedor. \u25baN\u00e3o\u00a0 efetue pagamentos antes da conclus\u00e3o das negocia\u00e7\u00f5es \u25baVideo no Youtube \u25barevis\u00e3o da star adventurer mini\u00a0 (Phil Hart-revisor independente) A gama Star Adventurer expandiu-se para incluir o novo<\/p>\n<div class=\"more-link\">\n\t\t\t\t <a href=\"https:\/\/site.astrofoto.com.pt\/welcome\/produto\/skywatcher-mini-star-adventurer-fotografia-usado\/\" class=\"btn theme-btn inverted\"><span>Continuar a Ler <\/span><\/a>\n\t\t\t<\/div>\n","protected":false},"featured_media":3850,"comment_status":"closed","ping_status":"closed","template":"","meta":[],"product_brand":[],"product_cat":[34,24,14,46,68],"product_tag":[],"class_list":{"0":"post-10256","1":"product","2":"type-product","3":"status-publish","4":"has-post-thumbnail","6":"product_cat-acessoriosfotografia","7":"product_cat-fotografia-astronomica","8":"product_cat-montagens","9":"product_cat-usados","10":"product_cat-wi-fi","12":"first","13":"outofstock","14":"sale","15":"shipping-taxable","16":"purchasable","17":"product-type-simple"},"_links":{"self":[{"href":"https:\/\/site.astrofoto.com.pt\/welcome\/wp-json\/wp\/v2\/product\/10256","targetHints":{"allow":["GET"]}}],"collection":[{"href":"https:\/\/site.astrofoto.com.pt\/welcome\/wp-json\/wp\/v2\/product"}],"about":[{"href":"https:\/\/site.astrofoto.com.pt\/welcome\/wp-json\/wp\/v2\/types\/product"}],"replies":[{"embeddable":true,"href":"https:\/\/site.astrofoto.com.pt\/welcome\/wp-json\/wp\/v2\/comments?post=10256"}],"wp:featuredmedia":[{"embeddable":true,"href":"https:\/\/site.astrofoto.com.pt\/welcome\/wp-json\/wp\/v2\/media\/3850"}],"wp:attachment":[{"href":"https:\/\/site.astrofoto.com.pt\/welcome\/wp-json\/wp\/v2\/media?parent=10256"}],"wp:term":[{"taxonomy":"product_brand","embeddable":true,"href":"https:\/\/site.astrofoto.com.pt\/welcome\/wp-json\/wp\/v2\/product_brand?post=10256"},{"taxonomy":"product_cat","embeddable":true,"href":"https:\/\/site.astrofoto.com.pt\/welcome\/wp-json\/wp\/v2\/product_cat?post=10256"},{"taxonomy":"product_tag","embeddable":true,"href":"https:\/\/site.astrofoto.com.pt\/welcome\/wp-json\/wp\/v2\/product_tag?post=10256"}],"curies":[{"name":"wp","href":"https:\/\/api.w.org\/{rel}","templated":true}]}}