{"id":10169,"date":"2025-03-04T19:52:19","date_gmt":"2025-03-04T19:52:19","guid":{"rendered":"https:\/\/site.astrofoto.com.pt\/welcome\/?post_type=product&#038;p=10169"},"modified":"2025-03-05T10:36:36","modified_gmt":"2025-03-05T10:36:36","slug":"binoculo-helios-apollo-15x70","status":"publish","type":"product","link":"https:\/\/site.astrofoto.com.pt\/welcome\/produto\/binoculo-helios-apollo-15x70\/","title":{"rendered":"Binoculo Helios Apollo 15&#215;70"},"content":{"rendered":"<p><strong>Binoculo Helios Apollo 15&#215;70<\/strong><\/p>\n<p>\u2022 Amplia\u00e7\u00e3o 15x<br \/>\n\u2022 Di\u00e2metro da objectiva: 70mm<br \/>\n\u2022 Prismas Bak4<br \/>\n\u2022 Superficies opticas fully multicoated<br \/>\n\u2022 Di\u00e2metro de pupila de sa\u00edda: 4,7mm<br \/>\n\u2022 \u00c2ngulo de vis\u00e3o de Vis\u00e3o: 4\u00ba<br \/>\n\u2022 Dist\u00e2ncia interpupilar: 56 a 74mm<br \/>\n\u2022 Peso: 2,5Kg<br \/>\n\u2022 Fabricado no Jap\u00e3o<br \/>\n\u2022 Alta qualidade optica e de constru\u00e7\u00e3o<br \/>\n\u2022 Mala rigida<\/p>\n","protected":false},"excerpt":{"rendered":"<p>Binoculo Helios Apollo 15&#215;70 \u2022 Amplia\u00e7\u00e3o 15x \u2022 Di\u00e2metro da objectiva: 70mm \u2022 Prismas Bak4 \u2022 Superficies opticas fully multicoated \u2022 Di\u00e2metro de pupila de sa\u00edda: 4,7mm \u2022 \u00c2ngulo de vis\u00e3o de Vis\u00e3o: 4\u00ba \u2022 Dist\u00e2ncia interpupilar: 56 a 74mm \u2022 Peso: 2,5Kg \u2022 Fabricado no Jap\u00e3o \u2022 Alta qualidade optica e de constru\u00e7\u00e3o \u2022<\/p>\n<div class=\"more-link\">\n\t\t\t\t <a href=\"https:\/\/site.astrofoto.com.pt\/welcome\/produto\/binoculo-helios-apollo-15x70\/\" class=\"btn theme-btn inverted\"><span>Continuar a Ler <\/span><\/a>\n\t\t\t<\/div>\n","protected":false},"featured_media":10172,"comment_status":"closed","ping_status":"closed","template":"","meta":[],"product_brand":[],"product_cat":[13],"product_tag":[],"class_list":{"0":"post-10169","1":"product","2":"type-product","3":"status-publish","4":"has-post-thumbnail","6":"product_cat-binoculos","8":"first","9":"onbackorder","10":"shipping-taxable","11":"purchasable","12":"product-type-simple"},"_links":{"self":[{"href":"https:\/\/site.astrofoto.com.pt\/welcome\/wp-json\/wp\/v2\/product\/10169","targetHints":{"allow":["GET"]}}],"collection":[{"href":"https:\/\/site.astrofoto.com.pt\/welcome\/wp-json\/wp\/v2\/product"}],"about":[{"href":"https:\/\/site.astrofoto.com.pt\/welcome\/wp-json\/wp\/v2\/types\/product"}],"replies":[{"embeddable":true,"href":"https:\/\/site.astrofoto.com.pt\/welcome\/wp-json\/wp\/v2\/comments?post=10169"}],"wp:featuredmedia":[{"embeddable":true,"href":"https:\/\/site.astrofoto.com.pt\/welcome\/wp-json\/wp\/v2\/media\/10172"}],"wp:attachment":[{"href":"https:\/\/site.astrofoto.com.pt\/welcome\/wp-json\/wp\/v2\/media?parent=10169"}],"wp:term":[{"taxonomy":"product_brand","embeddable":true,"href":"https:\/\/site.astrofoto.com.pt\/welcome\/wp-json\/wp\/v2\/product_brand?post=10169"},{"taxonomy":"product_cat","embeddable":true,"href":"https:\/\/site.astrofoto.com.pt\/welcome\/wp-json\/wp\/v2\/product_cat?post=10169"},{"taxonomy":"product_tag","embeddable":true,"href":"https:\/\/site.astrofoto.com.pt\/welcome\/wp-json\/wp\/v2\/product_tag?post=10169"}],"curies":[{"name":"wp","href":"https:\/\/api.w.org\/{rel}","templated":true}]}}