{"id":10147,"date":"2025-02-21T13:59:55","date_gmt":"2025-02-21T13:59:55","guid":{"rendered":"https:\/\/site.astrofoto.com.pt\/welcome\/?post_type=product&#038;p=10147"},"modified":"2026-04-03T16:41:16","modified_gmt":"2026-04-03T16:41:16","slug":"oculos-de-eclipse-astrofoto","status":"publish","type":"product","link":"https:\/\/site.astrofoto.com.pt\/welcome\/produto\/oculos-de-eclipse-astrofoto\/","title":{"rendered":"Oculos de Eclipse Astrofoto"},"content":{"rendered":"<p><strong>Oculos de Eclipse Astrofoto<\/strong><\/p>\n<p>\u2022 adequado para observa\u00e7\u00e3o direta do Sol ISO 12312-2<br \/>\n\u2022 protege dos raios infravermelhos e ultravioletas<br \/>\n\u2022 ilustra\u00e7\u00f5es variadas<br \/>\n\u25ba aconselh\u00e1vel observar 3 minutos de cada vez, sem limite de tempo total.<br \/>\n\u25ba verifique a integridade do filtro antes de usar.<\/p>\n<p><strong>O eclipse do Sol de 12 de Agosto de 2026:<\/strong><br \/>\nNo dia 12 de agosto de2026, um eclipse do Sol transforma o dia em noite, com uma percentagem de oculta\u00e7\u00e3o do Sol entre os 92% e os 100% em Portugal Continental. Durante cerca de 26 segundos, a popula\u00e7\u00e3o da regi\u00e3o do Parque Natural de Montesinho ir\u00e1 observar um eclipse total que revela a Coroa Solar, a atmosfera mais externa do Sol, apenas vis\u00edvel a olho nu durante um eclipse total do Sol. O \u00faltimo observado em Portugal aconteceu em 1912 e o pr\u00f3ximo ser\u00e1 em 2144, tornando este fen\u00f3meno num momento imperd\u00edvel para v\u00e1rias gera\u00e7\u00f5es.<br \/>\n\u25ba 92% a 99% &#8211; eclipse parcial profundo em todo o territ\u00f3rio continental<br \/>\n\u25ba 74% a 77% &#8211; nas Regi\u00f5es Aut\u00f3nomas dos A\u00e7ores e da Madeira<br \/>\n\u25ba 100% &#8211; eclipse total no Parque Natural de Montesinho, em Bragan\u00e7a<\/p>\n<p><em>fonte:<\/em>\u25baPreparando o <a href=\"https:\/\/www.esero.pt\/acoes-de-formacao\/2026\/eclipse-total-do-sol\">eclipse<\/a><br \/>\n<a href=\"https:\/\/site.astrofoto.com.pt\/welcome\/eclipse-solar-12-de-agosto\/\"><em>mais info<\/em><\/a><\/p>\n<p>\u25baDescontos de quantidade <em><a href=\"mailto:astrofotoportugal@gmail.com\">Consultar<\/a><br \/>\n\u25ba Para 2 unidades: 6\u20ac <a href=\"https:\/\/site.astrofoto.com.pt\/welcome\/produto\/oculos-de-eclipse-astrofoto-par\/\">VER<\/a><\/em><\/p>\n","protected":false},"excerpt":{"rendered":"<p>Oculos de Eclipse Astrofoto \u2022 adequado para observa\u00e7\u00e3o direta do Sol ISO 12312-2 \u2022 protege dos raios infravermelhos e ultravioletas \u2022 ilustra\u00e7\u00f5es variadas \u25ba aconselh\u00e1vel observar 3 minutos de cada vez, sem limite de tempo total. \u25ba verifique a integridade do filtro antes de usar. O eclipse do Sol de 12 de Agosto de 2026:<\/p>\n<div class=\"more-link\">\n\t\t\t\t <a href=\"https:\/\/site.astrofoto.com.pt\/welcome\/produto\/oculos-de-eclipse-astrofoto\/\" class=\"btn theme-btn inverted\"><span>Continuar a Ler <\/span><\/a>\n\t\t\t<\/div>\n","protected":false},"featured_media":10148,"comment_status":"closed","ping_status":"closed","template":"","meta":[],"product_brand":[],"product_cat":[20],"product_tag":[],"class_list":{"0":"post-10147","1":"product","2":"type-product","3":"status-publish","4":"has-post-thumbnail","6":"product_cat-filtros-solares","8":"first","9":"instock","10":"shipping-taxable","11":"purchasable","12":"product-type-simple"},"_links":{"self":[{"href":"https:\/\/site.astrofoto.com.pt\/welcome\/wp-json\/wp\/v2\/product\/10147","targetHints":{"allow":["GET"]}}],"collection":[{"href":"https:\/\/site.astrofoto.com.pt\/welcome\/wp-json\/wp\/v2\/product"}],"about":[{"href":"https:\/\/site.astrofoto.com.pt\/welcome\/wp-json\/wp\/v2\/types\/product"}],"replies":[{"embeddable":true,"href":"https:\/\/site.astrofoto.com.pt\/welcome\/wp-json\/wp\/v2\/comments?post=10147"}],"wp:featuredmedia":[{"embeddable":true,"href":"https:\/\/site.astrofoto.com.pt\/welcome\/wp-json\/wp\/v2\/media\/10148"}],"wp:attachment":[{"href":"https:\/\/site.astrofoto.com.pt\/welcome\/wp-json\/wp\/v2\/media?parent=10147"}],"wp:term":[{"taxonomy":"product_brand","embeddable":true,"href":"https:\/\/site.astrofoto.com.pt\/welcome\/wp-json\/wp\/v2\/product_brand?post=10147"},{"taxonomy":"product_cat","embeddable":true,"href":"https:\/\/site.astrofoto.com.pt\/welcome\/wp-json\/wp\/v2\/product_cat?post=10147"},{"taxonomy":"product_tag","embeddable":true,"href":"https:\/\/site.astrofoto.com.pt\/welcome\/wp-json\/wp\/v2\/product_tag?post=10147"}],"curies":[{"name":"wp","href":"https:\/\/api.w.org\/{rel}","templated":true}]}}